vided by 77.
76
What is the remainder when 8509 is divided by 30?
19
What is the remainder when 2347 is divided by 47?
44
What is the remainder when 7867 is divided by 48?
43
Calculate the remainder when 9 is divided by 7.
2
Calculate the remainder when 49 is divided by 16.
1
What is the remainder when 1247 is divided by 157?
148
Calculate the remainder when 4751 is divided by 132.
131
Calculate the remainder when 935 is divided by 131.
18
What is the remainder when 157 is divided by 43?
28
What is the remainder when 2904 is divided by 193?
9
Calculate the remainder when 45 is divided by 28.
17
What is the remainder when 515 is divided by 247?
21
Calculate the remainder when 26 is divided by 24.
2
What is the remainder when 34 is divided by 12?
10
What is the remainder when 321 is divided by 149?
23
Calculate the remainder when 860 is divided by 72.
68
What is the remainder when 70 is divided by 51?
19
What is the remainder when 309 is divided by 45?
39
Calculate the remainder when 4982 is divided by 43.
37
What is the remainder when 950 is divided by 139?
116
Calculate the remainder when 879 is divided by 18.
15
Calculate the remainder when 310 is divided by 78.
76
What is the remainder when 395 is divided by 4?
3
Calculate the remainder when 173 is divided by 75.
23
Calculate the remainder when 685 is divided by 135.
10
What is the remainder when 273 is divided by 28?
21
What is the remainder when 2778 is divided by 29?
23
What is the remainder when 2311 is divided by 46?
11
What is the remainder when 1297 is divided by 50?
47
Calculate the remainder when 3735 is divided by 34.
29
Calculate the remainder when 203 is divided by 54.
41
Calculate the remainder when 283 is divided by 22.
19
Calculate the remainder when 39 is divided by 31.
8
Calculate the remainder when 424 is divided by 4.
0
What is the remainder when 51 is divided by 14?
9
Calculate the remainder when 415 is divided by 20.
15
Calculate the remainder when 690 is divided by 117.
105
What is the remainder when 224 is divided by 76?
72
What is the remainder when 391 is divided by 130?
1
What is the remainder when 16681 is divided by 67?
65
Calculate the remainder when 165 is divided by 42.
39
What is the remainder when 1760 is divided by 67?
18
Calculate the remainder when 2782 is divided by 121.
120
What is the remainder when 4530 is divided by 453?
0
Calculate the remainder when 210 is divided by 19.
1
What is the remainder when 113 is divided by 81?
32
Calculate the remainder when 706 is divided by 123.
91
Calculate the remainder when 1314 is divided by 217.
12
Calculate the remainder when 124 is divided by 18.
16
Calculate the remainder when 134 is divided by 80.
54
Calculate the remainder when 473 is divided by 7.
4
What is the remainder when 40 is divided by 7?
5
What is the remainder when 227 is divided by 23?
20
Calculate the remainder when 518 is divided by 163.
29
What is the remainder when 2135 is divided by 51?
44
Calculate the remainder when 3820 is divided by 21.
19
What is the remainder when 525 is divided by 27?
12
Calculate the remainder when 5834 is divided by 46.
38
Calculate the remainder when 2180 is divided by 722.
14
What is the remainder when 23 is divided by 6?
5
What is the remainder when 100 is divided by 53?
47
Calculate the remainder when 551 is divided by 265.
21
Calculate the remainder when 1266 is divided by 323.
297
Calculate the remainder when 548 is divided by 50.
48
Calculate the remainder when 380 is divided by 8.
4
Calculate the remainder when 1648 is divided by 33.
31
Calculate the remainder when 3325 is divided by 13.
10
What is the remainder when 415 is divided by 149?
117
Calculate the remainder when 3296 is divided by 367.
360
Calculate the remainder when 340 is divided by 32.
20
Calculate the remainder when 598 is divided by 100.
98
What is the remainder when 239 is divided by 57?
11
What is the remainder when 176 is divided by 51?
23
What is the remainder when 174 is divided by 172?
2
What is the remainder when 37 is divided by 11?
4
What is the remainder when 1756 is divided by 88?
84
What is the remainder when 88 is divided by 23?
19
Calculate the remainder when 136 is divided by 48.
40
Calculate the remainder when 118 is divided by 21.
13
Calculate the remainder when 5173 is divided by 75.
73
Calculate the remainder when 5274 is divided by 3.
0
What is the remainder when 401 is divided by 20?
1
What is the remainder when 178 is divided by 50?
28
What is the remainder when 9297 is divided by 34?
15
What is the remainder when 1555 is divided by 119?
8
Calculate the remainder when 558 is divided by 289.
269
What is the remainder when 1706 is divided by 289?
261
Calculate the remainder when 430 is divided by 54.
52
Calculate the remainder when 214 is divided by 199.
15
What is the remainder when 2349 is divided by 24?
21
What is the remainder when 8593 is divided by 22?
13
What is the remainder when 1102 is divided by 65?
62
Calculate the remainder when 10615 is divided by 231.
220
What is the remainder when 333 is divided by 14?
11
Calculate the remainder when 965 is divided by 123.
104
Calculate the remainder when 109 is divided by 83.
26
What is the remainder when 1204 is divided by 19?
7
What is the remainder when 3615 is divided by 27?
24
What is the remainder when 2285 is divided by 18?
17
Calculate the remainder when 54493 is divided by 104.
101
Calculate the remainder when 302 is divided by 38.
36
What is the remainder when 67 is divided by 12?
7
Calculate the remainder when 669 is divided by 16.
13
Calculate the remainder when 1158 is divided by 384.
6
What is the remainder when 275 is divided by 31?
27
Calculate the remainder when 138 is divided by 59.
20
Calculate the remainder when 1682 is divided by 29.
0
What is the remainder when 349 is divided by 5?
4
Calculate the remainder when 457 is divided by 40.
17
Calculate the remainder when 33221 is divided by 7.
6
What is the remainder when 917 is divided by 139?
83
Calculate the remainder when 3385 is divided by 18.
1
Calculate the remainder when 433 is divided by 40.
33
What is the remainder when 112 is divided by 99?
13
Calculate the remainder when 251 is divided by 28.
27
Calculate the remainder when 12921 is divided by 142.
141
What is the remainder when 598 is divided by 60?
58
What is the remainder when 178 is divided by 8?
2
Calculate the remainder when 815 is divided by 60.
35
Calculate the remainder when 1918 is divided by 25.
18
What is the remainder when 85 is divided by 43?
42
Calculate the remainder when 1510 is divided by 25.
10
Calculate the remainder when 4044 is divided by 57.
54
What is the remainder when 22 is divided by 4?
2
Calculate the remainder when 518 is divided by 16.
6
What is the remainder when 518 is divided by 86?
2
What is the remainder when 4611 is divided by 65?
61
Calculate the remainder when 160 is divided by 22.
6
What is the remainder when 2129 is divided by 134?
119
Calculate the remainder when 207 is divided by 4.
3
Calculate the remainder when 3020 is divided by 27.
23
Calculate the remainder when 207 is divided by 56.
39
What is the remainder when 823 is divided by 8?
7
What is the remainder when 379 is divided by 120?
19
Calculate the remainder when 251 is divided by 42.
41
What is the remainder when 207 is divided by 27?
18
What is the remainder when 74 is divided by 15?
14
Calculate the remainder when 4474 is divided by 179.
178
Calculate the remainder when 1498 is divided by 493.
19
Calculate the remainder when 159 is divided by 5.
4
Calculate the remainder when 24 is divided by 13.
11
Calculate the remainder when 118 is divided by 31.
25
Calculate the remainder when 976 is divided by 21.
10
Calculate the remainder when 7694 is divided by 140.
134
What is the remainder when 804 is divided by 23?
22
What is the remainder when 87 is divided by 68?
19
What is the remainder when 249 is divided by 239?
10
Calculate the remainder when 957 is divided by 20.
17
Calculate the remainder when 9973 is divided by 95.
93
What is the remainder when 482 is divided by 67?
13
What is the remainder when 606 is divided by 19?
17
Calculate the remainder when 22 is divided by 7.
1
Calculate the remainder when 128 is divided by 22.
18
What is the rem